{"id":731,"date":"2019-10-01T20:52:22","date_gmt":"2019-10-01T18:52:22","guid":{"rendered":"https:\/\/kyushomallorca.com\/?page_id=731"},"modified":"2025-10-06T08:50:08","modified_gmt":"2025-10-06T06:50:08","slug":"dp-adultos","status":"publish","type":"page","link":"https:\/\/kyushomallorca.com\/index.php\/dp-adultos\/","title":{"rendered":"DP Adultos"},"content":{"rendered":"\t\t<div data-elementor-type=\"wp-page\" data-elementor-id=\"731\" class=\"elementor elementor-731\">\n\t\t\t\t\t\t<section class=\"elementor-section elementor-top-section elementor-element elementor-element-ffeafc3 elementor-section-boxed elementor-section-height-default elementor-section-height-default\" data-id=\"ffeafc3\" data-element_type=\"section\">\n\t\t\t\t\t\t<div class=\"elementor-container elementor-column-gap-default\">\n\t\t\t\t\t<div class=\"elementor-column elementor-col-100 elementor-top-column elementor-element elementor-element-47105db\" data-id=\"47105db\" data-element_type=\"column\">\n\t\t\t<div class=\"elementor-widget-wrap\">\n\t\t\t\t\t\t\t<\/div>\n\t\t<\/div>\n\t\t\t\t\t<\/div>\n\t\t<\/section>\n\t\t\t\t<section class=\"elementor-section elementor-top-section elementor-element elementor-element-33d0f2b elementor-section-boxed elementor-section-height-default elementor-section-height-default\" data-id=\"33d0f2b\" data-element_type=\"section\">\n\t\t\t\t\t\t\t<div class=\"elementor-background-overlay\"><\/div>\n\t\t\t\t\t\t\t<div class=\"elementor-container elementor-column-gap-default\">\n\t\t\t\t\t<div class=\"elementor-column elementor-col-100 elementor-top-column elementor-element elementor-element-0876a6f\" data-id=\"0876a6f\" data-element_type=\"column\">\n\t\t\t<div class=\"elementor-widget-wrap elementor-element-populated\">\n\t\t\t\t\t\t<div class=\"elementor-element elementor-element-b3e4a71 elementor-widget elementor-widget-text-editor\" data-id=\"b3e4a71\" data-element_type=\"widget\" data-widget_type=\"text-editor.default\">\n\t\t\t\t<div class=\"elementor-widget-container\">\n\t\t\t\t\t\t\t\t\t<p><strong><span style=\"color: #0000ff;\">EN QUE CONSISTE NUESTRA DEFENSA PERSONAL<\/span><\/strong><\/p><p><span style=\"color: #000000;\">La Defensa Personal de la RFEJYDA, es un instrumento de formaci\u00f3n y aplicaci\u00f3n f\u00edsica que comprende un conjunto de conocimientos, actitudes, habilidades y t\u00e9cnicas corporales que le van a permitir prever, evaluar, saber qu\u00e9 hacer y como consecuencia actuar ante situaciones de amenaza, conflicto o agresi\u00f3n. Secundariamente este conocimiento servir\u00e1 incluso para realizar labores de informaci\u00f3n, ayuda o protecci\u00f3n a terceras personas.<\/span><\/p><p><span style=\"color: #000000;\">En relaci\u00f3n con situaciones de elevada presi\u00f3n o riesgo y tambi\u00e9n como prevenci\u00f3n o ayuda en Violencia de g\u00e9nero en caso de la mujer o booling en caso de ni\u00f1os, nuestra DP trata de ayudar a la persona a superar sus miedos reforzando su autoestima, val\u00eda y propio reconocimiento dot\u00e1ndole a la vez de poder y medios para actuar, enfrentarse, en su caso, y salir indemne.<\/span><\/p><p><span style=\"color: #000000;\">En su parte f\u00edsica comprende un conjunto de habilidades y t\u00e9cnicas corporales que nos permiten hacer frente con \u00e9xito a las m\u00e1s diversas formas de agresi\u00f3n.<\/span><\/p><p><span style=\"color: #000000;\">A trav\u00e9s de conocimientos sencillos implementaremos no solamente las reacciones m\u00e1s oportunas ante las agresiones m\u00e1s comunes, sino que pretendemos tambi\u00e9n familiarizar y preparar a la persona ps\u00edquica y f\u00edsicamente frente a situaciones impactantes o traum\u00e1ticas aport\u00e1ndoles informaci\u00f3n, seguridad en s\u00ed mismas y en sus posibilidades y ofreci\u00e9ndoles un qu\u00e9 hacer.<\/span><\/p><p><span style=\"color: #000000;\">La persona aprender\u00e1 formas y m\u00e9todos preventivos para evitar situaciones de riesgo, as\u00ed como m\u00e9todos contrastados para superaci\u00f3n de amenazas y agresiones. De igual modo trabajar\u00e1 sobre su autoestima y propia valoraci\u00f3n y practicar\u00e1 m\u00e9todos de relajaci\u00f3n, confianza y control de estr\u00e9s.<\/span><\/p>\t\t\t\t\t\t\t\t<\/div>\n\t\t\t\t<\/div>\n\t\t\t\t\t<\/div>\n\t\t<\/div>\n\t\t\t\t\t<\/div>\n\t\t<\/section>\n\t\t\t\t<\/div>\n\t\t","protected":false},"excerpt":{"rendered":"<p>EN QUE CONSISTE NUESTRA DEFENSA PERSONAL La Defensa Personal de la RFEJYDA, es un instrumento de formaci\u00f3n y aplicaci\u00f3n f\u00edsica que comprende un conjunto de conocimientos, actitudes, habilidades y t\u00e9cnicas corporales que le van a permitir prever, evaluar, saber qu\u00e9 hacer y como consecuencia actuar ante situaciones de amenaza, conflicto o agresi\u00f3n. Secundariamente este conocimiento&hellip;&nbsp;<a href=\"https:\/\/kyushomallorca.com\/index.php\/dp-adultos\/\" class=\"\" rel=\"bookmark\">Leer m\u00e1s &raquo;<span class=\"screen-reader-text\">DP Adultos<\/span><\/a><\/p>\n","protected":false},"author":1,"featured_media":0,"parent":0,"menu_order":0,"comment_status":"closed","ping_status":"closed","template":"page-templates\/template-pagebuilder-full-width.php","meta":{"_monsterinsights_skip_tracking":false,"_monsterinsights_sitenote_active":false,"_monsterinsights_sitenote_note":"","_monsterinsights_sitenote_category":0,"footnotes":""},"class_list":["post-731","page","type-page","status-publish","hentry"],"yoast_head":"<!-- This site is optimized with the Yoast SEO plugin v27.5 - https:\/\/yoast.com\/product\/yoast-seo-wordpress\/ -->\n<title>DP Adultos | DOJO KOBUKAN<\/title>\n<meta name=\"description\" content=\"Prep\u00e1rate f\u00edsica y sicol\u00f3gicamente para prevenir posibles agresiones con profesionales cualificados donde aprender\u00e1s a defenderte.\" \/>\n<meta name=\"robots\" content=\"index, follow, max-snippet:-1, max-image-preview:large, max-video-preview:-1\" \/>\n<link rel=\"canonical\" href=\"https:\/\/kyushomallorca.com\/index.php\/dp-adultos\/\" \/>\n<meta property=\"og:locale\" content=\"es_ES\" \/>\n<meta property=\"og:type\" content=\"article\" \/>\n<meta property=\"og:title\" content=\"DP Adultos | DOJO KOBUKAN\" \/>\n<meta property=\"og:description\" content=\"Prep\u00e1rate f\u00edsica y sicol\u00f3gicamente para prevenir posibles agresiones con profesionales cualificados donde aprender\u00e1s a defenderte.\" \/>\n<meta property=\"og:url\" content=\"https:\/\/kyushomallorca.com\/index.php\/dp-adultos\/\" \/>\n<meta property=\"og:site_name\" content=\"DOJO KOBUKAN\" \/>\n<meta property=\"article:publisher\" content=\"https:\/\/www.facebook.com\/pedro.ferrari.5817\" \/>\n<meta property=\"article:modified_time\" content=\"2025-10-06T06:50:08+00:00\" \/>\n<meta name=\"twitter:card\" content=\"summary_large_image\" \/>\n<script type=\"application\/ld+json\" class=\"yoast-schema-graph\">{\"@context\":\"https:\\\/\\\/schema.org\",\"@graph\":[{\"@type\":\"WebPage\",\"@id\":\"https:\\\/\\\/kyushomallorca.com\\\/index.php\\\/dp-adultos\\\/\",\"url\":\"https:\\\/\\\/kyushomallorca.com\\\/index.php\\\/dp-adultos\\\/\",\"name\":\"DP Adultos | DOJO KOBUKAN\",\"isPartOf\":{\"@id\":\"https:\\\/\\\/kyushomallorca.com\\\/#website\"},\"datePublished\":\"2019-10-01T18:52:22+00:00\",\"dateModified\":\"2025-10-06T06:50:08+00:00\",\"description\":\"Prep\u00e1rate f\u00edsica y sicol\u00f3gicamente para prevenir posibles agresiones con profesionales cualificados donde aprender\u00e1s a defenderte.\",\"breadcrumb\":{\"@id\":\"https:\\\/\\\/kyushomallorca.com\\\/index.php\\\/dp-adultos\\\/#breadcrumb\"},\"inLanguage\":\"es\",\"potentialAction\":[{\"@type\":\"ReadAction\",\"target\":[\"https:\\\/\\\/kyushomallorca.com\\\/index.php\\\/dp-adultos\\\/\"]}]},{\"@type\":\"BreadcrumbList\",\"@id\":\"https:\\\/\\\/kyushomallorca.com\\\/index.php\\\/dp-adultos\\\/#breadcrumb\",\"itemListElement\":[{\"@type\":\"ListItem\",\"position\":1,\"name\":\"Inicio\",\"item\":\"https:\\\/\\\/kyushomallorca.com\\\/\"},{\"@type\":\"ListItem\",\"position\":2,\"name\":\"DP Adultos\"}]},{\"@type\":\"WebSite\",\"@id\":\"https:\\\/\\\/kyushomallorca.com\\\/#website\",\"url\":\"https:\\\/\\\/kyushomallorca.com\\\/\",\"name\":\"DOJO KOBUKAN\",\"description\":\"\",\"publisher\":{\"@id\":\"https:\\\/\\\/kyushomallorca.com\\\/#organization\"},\"potentialAction\":[{\"@type\":\"SearchAction\",\"target\":{\"@type\":\"EntryPoint\",\"urlTemplate\":\"https:\\\/\\\/kyushomallorca.com\\\/?s={search_term_string}\"},\"query-input\":{\"@type\":\"PropertyValueSpecification\",\"valueRequired\":true,\"valueName\":\"search_term_string\"}}],\"inLanguage\":\"es\"},{\"@type\":\"Organization\",\"@id\":\"https:\\\/\\\/kyushomallorca.com\\\/#organization\",\"name\":\"DOJO KOBUKAN\",\"url\":\"https:\\\/\\\/kyushomallorca.com\\\/\",\"logo\":{\"@type\":\"ImageObject\",\"inLanguage\":\"es\",\"@id\":\"https:\\\/\\\/kyushomallorca.com\\\/#\\\/schema\\\/logo\\\/image\\\/\",\"url\":\"https:\\\/\\\/kyushomallorca.com\\\/wp-content\\\/uploads\\\/2020\\\/03\\\/LogoFILEminimizer.png\",\"contentUrl\":\"https:\\\/\\\/kyushomallorca.com\\\/wp-content\\\/uploads\\\/2020\\\/03\\\/LogoFILEminimizer.png\",\"width\":728,\"height\":726,\"caption\":\"DOJO KOBUKAN\"},\"image\":{\"@id\":\"https:\\\/\\\/kyushomallorca.com\\\/#\\\/schema\\\/logo\\\/image\\\/\"},\"sameAs\":[\"https:\\\/\\\/www.facebook.com\\\/pedro.ferrari.5817\",\"https:\\\/\\\/www.facebook.com\\\/profile.php?id=100083993152571\"]}]}<\/script>\n<!-- \/ Yoast SEO plugin. -->","yoast_head_json":{"title":"DP Adultos | DOJO KOBUKAN","description":"Prep\u00e1rate f\u00edsica y sicol\u00f3gicamente para prevenir posibles agresiones con profesionales cualificados donde aprender\u00e1s a defenderte.","robots":{"index":"index","follow":"follow","max-snippet":"max-snippet:-1","max-image-preview":"max-image-preview:large","max-video-preview":"max-video-preview:-1"},"canonical":"https:\/\/kyushomallorca.com\/index.php\/dp-adultos\/","og_locale":"es_ES","og_type":"article","og_title":"DP Adultos | DOJO KOBUKAN","og_description":"Prep\u00e1rate f\u00edsica y sicol\u00f3gicamente para prevenir posibles agresiones con profesionales cualificados donde aprender\u00e1s a defenderte.","og_url":"https:\/\/kyushomallorca.com\/index.php\/dp-adultos\/","og_site_name":"DOJO KOBUKAN","article_publisher":"https:\/\/www.facebook.com\/pedro.ferrari.5817","article_modified_time":"2025-10-06T06:50:08+00:00","twitter_card":"summary_large_image","schema":{"@context":"https:\/\/schema.org","@graph":[{"@type":"WebPage","@id":"https:\/\/kyushomallorca.com\/index.php\/dp-adultos\/","url":"https:\/\/kyushomallorca.com\/index.php\/dp-adultos\/","name":"DP Adultos | DOJO KOBUKAN","isPartOf":{"@id":"https:\/\/kyushomallorca.com\/#website"},"datePublished":"2019-10-01T18:52:22+00:00","dateModified":"2025-10-06T06:50:08+00:00","description":"Prep\u00e1rate f\u00edsica y sicol\u00f3gicamente para prevenir posibles agresiones con profesionales cualificados donde aprender\u00e1s a defenderte.","breadcrumb":{"@id":"https:\/\/kyushomallorca.com\/index.php\/dp-adultos\/#breadcrumb"},"inLanguage":"es","potentialAction":[{"@type":"ReadAction","target":["https:\/\/kyushomallorca.com\/index.php\/dp-adultos\/"]}]},{"@type":"BreadcrumbList","@id":"https:\/\/kyushomallorca.com\/index.php\/dp-adultos\/#breadcrumb","itemListElement":[{"@type":"ListItem","position":1,"name":"Inicio","item":"https:\/\/kyushomallorca.com\/"},{"@type":"ListItem","position":2,"name":"DP Adultos"}]},{"@type":"WebSite","@id":"https:\/\/kyushomallorca.com\/#website","url":"https:\/\/kyushomallorca.com\/","name":"DOJO KOBUKAN","description":"","publisher":{"@id":"https:\/\/kyushomallorca.com\/#organization"},"potentialAction":[{"@type":"SearchAction","target":{"@type":"EntryPoint","urlTemplate":"https:\/\/kyushomallorca.com\/?s={search_term_string}"},"query-input":{"@type":"PropertyValueSpecification","valueRequired":true,"valueName":"search_term_string"}}],"inLanguage":"es"},{"@type":"Organization","@id":"https:\/\/kyushomallorca.com\/#organization","name":"DOJO KOBUKAN","url":"https:\/\/kyushomallorca.com\/","logo":{"@type":"ImageObject","inLanguage":"es","@id":"https:\/\/kyushomallorca.com\/#\/schema\/logo\/image\/","url":"https:\/\/kyushomallorca.com\/wp-content\/uploads\/2020\/03\/LogoFILEminimizer.png","contentUrl":"https:\/\/kyushomallorca.com\/wp-content\/uploads\/2020\/03\/LogoFILEminimizer.png","width":728,"height":726,"caption":"DOJO KOBUKAN"},"image":{"@id":"https:\/\/kyushomallorca.com\/#\/schema\/logo\/image\/"},"sameAs":["https:\/\/www.facebook.com\/pedro.ferrari.5817","https:\/\/www.facebook.com\/profile.php?id=100083993152571"]}]}},"_links":{"self":[{"href":"https:\/\/kyushomallorca.com\/index.php\/wp-json\/wp\/v2\/pages\/731","targetHints":{"allow":["GET"]}}],"collection":[{"href":"https:\/\/kyushomallorca.com\/index.php\/wp-json\/wp\/v2\/pages"}],"about":[{"href":"https:\/\/kyushomallorca.com\/index.php\/wp-json\/wp\/v2\/types\/page"}],"author":[{"embeddable":true,"href":"https:\/\/kyushomallorca.com\/index.php\/wp-json\/wp\/v2\/users\/1"}],"replies":[{"embeddable":true,"href":"https:\/\/kyushomallorca.com\/index.php\/wp-json\/wp\/v2\/comments?post=731"}],"version-history":[{"count":4,"href":"https:\/\/kyushomallorca.com\/index.php\/wp-json\/wp\/v2\/pages\/731\/revisions"}],"predecessor-version":[{"id":933,"href":"https:\/\/kyushomallorca.com\/index.php\/wp-json\/wp\/v2\/pages\/731\/revisions\/933"}],"wp:attachment":[{"href":"https:\/\/kyushomallorca.com\/index.php\/wp-json\/wp\/v2\/media?parent=731"}],"curies":[{"name":"wp","href":"https:\/\/api.w.org\/{rel}","templated":true}]}}