{"id":733,"date":"2019-10-01T20:52:47","date_gmt":"2019-10-01T18:52:47","guid":{"rendered":"https:\/\/kyushomallorca.com\/?page_id=733"},"modified":"2019-11-19T19:17:23","modified_gmt":"2019-11-19T18:17:23","slug":"dp-mujer","status":"publish","type":"page","link":"https:\/\/kyushomallorca.com\/index.php\/dp-mujer\/","title":{"rendered":"DP Mujer"},"content":{"rendered":"\t\t<div data-elementor-type=\"wp-page\" data-elementor-id=\"733\" class=\"elementor elementor-733\">\n\t\t\t\t\t\t<section class=\"elementor-section elementor-top-section elementor-element elementor-element-1f7d808 elementor-section-boxed elementor-section-height-default elementor-section-height-default\" data-id=\"1f7d808\" data-element_type=\"section\">\n\t\t\t\t\t\t\t<div class=\"elementor-background-overlay\"><\/div>\n\t\t\t\t\t\t\t<div class=\"elementor-container elementor-column-gap-default\">\n\t\t\t\t\t<div class=\"elementor-column elementor-col-100 elementor-top-column elementor-element elementor-element-eca1598\" data-id=\"eca1598\" data-element_type=\"column\">\n\t\t\t<div class=\"elementor-widget-wrap elementor-element-populated\">\n\t\t\t\t\t\t<div class=\"elementor-element elementor-element-ceaa247 elementor-widget elementor-widget-heading\" data-id=\"ceaa247\" data-element_type=\"widget\" data-widget_type=\"heading.default\">\n\t\t\t\t<div class=\"elementor-widget-container\">\n\t\t\t\t\t<h2 class=\"elementor-heading-title elementor-size-default\">Defensa personal para la mujer<\/h2>\t\t\t\t<\/div>\n\t\t\t\t<\/div>\n\t\t\t\t<div class=\"elementor-element elementor-element-a6f098c elementor-widget elementor-widget-text-editor\" data-id=\"a6f098c\" data-element_type=\"widget\" data-widget_type=\"text-editor.default\">\n\t\t\t\t<div class=\"elementor-widget-container\">\n\t\t\t\t\t\t\t\t\t<hr \/><p><span style=\"color: #00ffff;\">Dentro de la defensa personal en la Federaci\u00f3n Espa\u00f1ola de Judo existe la especialidad de defensa personal para la mujer, con t\u00e9cnicas especialmente dise\u00f1adas para su defensa y autoprotecci\u00f3n.<\/span><\/p><p><span style=\"color: #00ffff;\">En caso de la mujeres se trata, por tanto, tambi\u00e9n de reforzar ps\u00edquica y f\u00edsicamente a personas que est\u00e1n en riesgo o sufren, o son susceptibles de sufrir, la violencia de g\u00e9nero, a la vez que apoya y refuerza su seguridad personal, autoestima y promueve una autonom\u00eda personal f\u00edsica y mental en m\u00e9todos de prevenci\u00f3n, autodefensa y evasi\u00f3n con el objetivo de salvar situaciones an\u00f3malas, dif\u00edciles, potencialmente peligrosas o claramente de peligro mediante una informaci\u00f3n y formaci\u00f3n adecuadas en esta \u00e1rea.<\/span><\/p><p><span style=\"color: #00ffff;\">La Defensa Personal para la Mujer, en concreto, no estar\u00e1 enfocada exclusivamente a la mujer maltratada, sino que se ofrece como una actividad f\u00edsica y formativa que forje a una nueva mujer que crezca sana, segura de s\u00ed misma y sin sometimientos y que, como consecuencia, sepa vivir y ejercer su libertad y educar, en su caso, a su progenie en el respeto y la palabra, nunca en el temor, en el insulto o la agresi\u00f3n.<\/span><\/p>\t\t\t\t\t\t\t\t<\/div>\n\t\t\t\t<\/div>\n\t\t\t\t\t<\/div>\n\t\t<\/div>\n\t\t\t\t\t<\/div>\n\t\t<\/section>\n\t\t\t\t<\/div>\n\t\t","protected":false},"excerpt":{"rendered":"<p>Defensa personal para la mujer Dentro de la defensa personal en la Federaci\u00f3n Espa\u00f1ola de Judo existe la especialidad de defensa personal para la mujer, con t\u00e9cnicas especialmente dise\u00f1adas para su defensa y autoprotecci\u00f3n. En caso de la mujeres se trata, por tanto, tambi\u00e9n de reforzar ps\u00edquica y f\u00edsicamente a personas que est\u00e1n en riesgo&hellip;&nbsp;<a href=\"https:\/\/kyushomallorca.com\/index.php\/dp-mujer\/\" class=\"\" rel=\"bookmark\">Leer m\u00e1s &raquo;<span class=\"screen-reader-text\">DP Mujer<\/span><\/a><\/p>\n","protected":false},"author":1,"featured_media":0,"parent":0,"menu_order":0,"comment_status":"closed","ping_status":"closed","template":"page-templates\/template-pagebuilder-full-width.php","meta":{"_monsterinsights_skip_tracking":false,"_monsterinsights_sitenote_active":false,"_monsterinsights_sitenote_note":"","_monsterinsights_sitenote_category":0,"footnotes":""},"class_list":["post-733","page","type-page","status-publish","hentry"],"yoast_head":"<!-- This site is optimized with the Yoast SEO plugin v27.5 - https:\/\/yoast.com\/product\/yoast-seo-wordpress\/ -->\n<title>DP Mujer | DOJO KOBUKAN<\/title>\n<meta name=\"robots\" content=\"index, follow, max-snippet:-1, max-image-preview:large, max-video-preview:-1\" \/>\n<link rel=\"canonical\" href=\"https:\/\/kyushomallorca.com\/index.php\/dp-mujer\/\" \/>\n<meta property=\"og:locale\" content=\"es_ES\" \/>\n<meta property=\"og:type\" content=\"article\" \/>\n<meta property=\"og:title\" content=\"DP Mujer | DOJO KOBUKAN\" \/>\n<meta property=\"og:description\" content=\"Defensa personal para la mujer Dentro de la defensa personal en la Federaci\u00f3n Espa\u00f1ola de Judo existe la especialidad de defensa personal para la mujer, con t\u00e9cnicas especialmente dise\u00f1adas para su defensa y autoprotecci\u00f3n. En caso de la mujeres se trata, por tanto, tambi\u00e9n de reforzar ps\u00edquica y f\u00edsicamente a personas que est\u00e1n en riesgo&hellip;&nbsp;Leer m\u00e1s &raquo;DP Mujer\" \/>\n<meta property=\"og:url\" content=\"https:\/\/kyushomallorca.com\/index.php\/dp-mujer\/\" \/>\n<meta property=\"og:site_name\" content=\"DOJO KOBUKAN\" \/>\n<meta property=\"article:publisher\" content=\"https:\/\/www.facebook.com\/pedro.ferrari.5817\" \/>\n<meta property=\"article:modified_time\" content=\"2019-11-19T18:17:23+00:00\" \/>\n<meta name=\"twitter:card\" content=\"summary_large_image\" \/>\n<script type=\"application\/ld+json\" class=\"yoast-schema-graph\">{\"@context\":\"https:\\\/\\\/schema.org\",\"@graph\":[{\"@type\":\"WebPage\",\"@id\":\"https:\\\/\\\/kyushomallorca.com\\\/index.php\\\/dp-mujer\\\/\",\"url\":\"https:\\\/\\\/kyushomallorca.com\\\/index.php\\\/dp-mujer\\\/\",\"name\":\"DP Mujer | DOJO KOBUKAN\",\"isPartOf\":{\"@id\":\"https:\\\/\\\/kyushomallorca.com\\\/#website\"},\"datePublished\":\"2019-10-01T18:52:47+00:00\",\"dateModified\":\"2019-11-19T18:17:23+00:00\",\"breadcrumb\":{\"@id\":\"https:\\\/\\\/kyushomallorca.com\\\/index.php\\\/dp-mujer\\\/#breadcrumb\"},\"inLanguage\":\"es\",\"potentialAction\":[{\"@type\":\"ReadAction\",\"target\":[\"https:\\\/\\\/kyushomallorca.com\\\/index.php\\\/dp-mujer\\\/\"]}]},{\"@type\":\"BreadcrumbList\",\"@id\":\"https:\\\/\\\/kyushomallorca.com\\\/index.php\\\/dp-mujer\\\/#breadcrumb\",\"itemListElement\":[{\"@type\":\"ListItem\",\"position\":1,\"name\":\"Inicio\",\"item\":\"https:\\\/\\\/kyushomallorca.com\\\/\"},{\"@type\":\"ListItem\",\"position\":2,\"name\":\"DP Mujer\"}]},{\"@type\":\"WebSite\",\"@id\":\"https:\\\/\\\/kyushomallorca.com\\\/#website\",\"url\":\"https:\\\/\\\/kyushomallorca.com\\\/\",\"name\":\"DOJO KOBUKAN\",\"description\":\"\",\"publisher\":{\"@id\":\"https:\\\/\\\/kyushomallorca.com\\\/#organization\"},\"potentialAction\":[{\"@type\":\"SearchAction\",\"target\":{\"@type\":\"EntryPoint\",\"urlTemplate\":\"https:\\\/\\\/kyushomallorca.com\\\/?s={search_term_string}\"},\"query-input\":{\"@type\":\"PropertyValueSpecification\",\"valueRequired\":true,\"valueName\":\"search_term_string\"}}],\"inLanguage\":\"es\"},{\"@type\":\"Organization\",\"@id\":\"https:\\\/\\\/kyushomallorca.com\\\/#organization\",\"name\":\"DOJO KOBUKAN\",\"url\":\"https:\\\/\\\/kyushomallorca.com\\\/\",\"logo\":{\"@type\":\"ImageObject\",\"inLanguage\":\"es\",\"@id\":\"https:\\\/\\\/kyushomallorca.com\\\/#\\\/schema\\\/logo\\\/image\\\/\",\"url\":\"https:\\\/\\\/kyushomallorca.com\\\/wp-content\\\/uploads\\\/2020\\\/03\\\/LogoFILEminimizer.png\",\"contentUrl\":\"https:\\\/\\\/kyushomallorca.com\\\/wp-content\\\/uploads\\\/2020\\\/03\\\/LogoFILEminimizer.png\",\"width\":728,\"height\":726,\"caption\":\"DOJO KOBUKAN\"},\"image\":{\"@id\":\"https:\\\/\\\/kyushomallorca.com\\\/#\\\/schema\\\/logo\\\/image\\\/\"},\"sameAs\":[\"https:\\\/\\\/www.facebook.com\\\/pedro.ferrari.5817\",\"https:\\\/\\\/www.facebook.com\\\/profile.php?id=100083993152571\"]}]}<\/script>\n<!-- \/ Yoast SEO plugin. -->","yoast_head_json":{"title":"DP Mujer | DOJO KOBUKAN","robots":{"index":"index","follow":"follow","max-snippet":"max-snippet:-1","max-image-preview":"max-image-preview:large","max-video-preview":"max-video-preview:-1"},"canonical":"https:\/\/kyushomallorca.com\/index.php\/dp-mujer\/","og_locale":"es_ES","og_type":"article","og_title":"DP Mujer | DOJO KOBUKAN","og_description":"Defensa personal para la mujer Dentro de la defensa personal en la Federaci\u00f3n Espa\u00f1ola de Judo existe la especialidad de defensa personal para la mujer, con t\u00e9cnicas especialmente dise\u00f1adas para su defensa y autoprotecci\u00f3n. En caso de la mujeres se trata, por tanto, tambi\u00e9n de reforzar ps\u00edquica y f\u00edsicamente a personas que est\u00e1n en riesgo&hellip;&nbsp;Leer m\u00e1s &raquo;DP Mujer","og_url":"https:\/\/kyushomallorca.com\/index.php\/dp-mujer\/","og_site_name":"DOJO KOBUKAN","article_publisher":"https:\/\/www.facebook.com\/pedro.ferrari.5817","article_modified_time":"2019-11-19T18:17:23+00:00","twitter_card":"summary_large_image","schema":{"@context":"https:\/\/schema.org","@graph":[{"@type":"WebPage","@id":"https:\/\/kyushomallorca.com\/index.php\/dp-mujer\/","url":"https:\/\/kyushomallorca.com\/index.php\/dp-mujer\/","name":"DP Mujer | DOJO KOBUKAN","isPartOf":{"@id":"https:\/\/kyushomallorca.com\/#website"},"datePublished":"2019-10-01T18:52:47+00:00","dateModified":"2019-11-19T18:17:23+00:00","breadcrumb":{"@id":"https:\/\/kyushomallorca.com\/index.php\/dp-mujer\/#breadcrumb"},"inLanguage":"es","potentialAction":[{"@type":"ReadAction","target":["https:\/\/kyushomallorca.com\/index.php\/dp-mujer\/"]}]},{"@type":"BreadcrumbList","@id":"https:\/\/kyushomallorca.com\/index.php\/dp-mujer\/#breadcrumb","itemListElement":[{"@type":"ListItem","position":1,"name":"Inicio","item":"https:\/\/kyushomallorca.com\/"},{"@type":"ListItem","position":2,"name":"DP Mujer"}]},{"@type":"WebSite","@id":"https:\/\/kyushomallorca.com\/#website","url":"https:\/\/kyushomallorca.com\/","name":"DOJO KOBUKAN","description":"","publisher":{"@id":"https:\/\/kyushomallorca.com\/#organization"},"potentialAction":[{"@type":"SearchAction","target":{"@type":"EntryPoint","urlTemplate":"https:\/\/kyushomallorca.com\/?s={search_term_string}"},"query-input":{"@type":"PropertyValueSpecification","valueRequired":true,"valueName":"search_term_string"}}],"inLanguage":"es"},{"@type":"Organization","@id":"https:\/\/kyushomallorca.com\/#organization","name":"DOJO KOBUKAN","url":"https:\/\/kyushomallorca.com\/","logo":{"@type":"ImageObject","inLanguage":"es","@id":"https:\/\/kyushomallorca.com\/#\/schema\/logo\/image\/","url":"https:\/\/kyushomallorca.com\/wp-content\/uploads\/2020\/03\/LogoFILEminimizer.png","contentUrl":"https:\/\/kyushomallorca.com\/wp-content\/uploads\/2020\/03\/LogoFILEminimizer.png","width":728,"height":726,"caption":"DOJO KOBUKAN"},"image":{"@id":"https:\/\/kyushomallorca.com\/#\/schema\/logo\/image\/"},"sameAs":["https:\/\/www.facebook.com\/pedro.ferrari.5817","https:\/\/www.facebook.com\/profile.php?id=100083993152571"]}]}},"_links":{"self":[{"href":"https:\/\/kyushomallorca.com\/index.php\/wp-json\/wp\/v2\/pages\/733","targetHints":{"allow":["GET"]}}],"collection":[{"href":"https:\/\/kyushomallorca.com\/index.php\/wp-json\/wp\/v2\/pages"}],"about":[{"href":"https:\/\/kyushomallorca.com\/index.php\/wp-json\/wp\/v2\/types\/page"}],"author":[{"embeddable":true,"href":"https:\/\/kyushomallorca.com\/index.php\/wp-json\/wp\/v2\/users\/1"}],"replies":[{"embeddable":true,"href":"https:\/\/kyushomallorca.com\/index.php\/wp-json\/wp\/v2\/comments?post=733"}],"version-history":[{"count":11,"href":"https:\/\/kyushomallorca.com\/index.php\/wp-json\/wp\/v2\/pages\/733\/revisions"}],"predecessor-version":[{"id":1233,"href":"https:\/\/kyushomallorca.com\/index.php\/wp-json\/wp\/v2\/pages\/733\/revisions\/1233"}],"wp:attachment":[{"href":"https:\/\/kyushomallorca.com\/index.php\/wp-json\/wp\/v2\/media?parent=733"}],"curies":[{"name":"wp","href":"https:\/\/api.w.org\/{rel}","templated":true}]}}