{"id":775,"date":"2019-10-02T15:00:57","date_gmt":"2019-10-02T13:00:57","guid":{"rendered":"https:\/\/kyushomallorca.com\/?page_id=775"},"modified":"2019-11-18T18:34:20","modified_gmt":"2019-11-18T17:34:20","slug":"k-pertenecemos","status":"publish","type":"page","link":"https:\/\/kyushomallorca.com\/index.php\/k-pertenecemos\/","title":{"rendered":"K Pertenecemos"},"content":{"rendered":"\t\t<div data-elementor-type=\"wp-page\" data-elementor-id=\"775\" class=\"elementor elementor-775\">\n\t\t\t\t\t\t<section class=\"elementor-section elementor-top-section elementor-element elementor-element-18b06fa elementor-section-boxed elementor-section-height-default elementor-section-height-default\" data-id=\"18b06fa\" data-element_type=\"section\">\n\t\t\t\t\t\t\t<div class=\"elementor-background-overlay\"><\/div>\n\t\t\t\t\t\t\t<div class=\"elementor-container elementor-column-gap-default\">\n\t\t\t\t\t<div class=\"elementor-column elementor-col-100 elementor-top-column elementor-element elementor-element-79963c6\" data-id=\"79963c6\" data-element_type=\"column\">\n\t\t\t<div class=\"elementor-widget-wrap elementor-element-populated\">\n\t\t\t\t\t\t<div class=\"elementor-element elementor-element-7fd77bf elementor-widget elementor-widget-heading\" data-id=\"7fd77bf\" data-element_type=\"widget\" data-widget_type=\"heading.default\">\n\t\t\t\t<div class=\"elementor-widget-container\">\n\t\t\t\t\t<h2 class=\"elementor-heading-title elementor-size-default\">Nuestra escuela<\/h2>\t\t\t\t<\/div>\n\t\t\t\t<\/div>\n\t\t\t\t<div class=\"elementor-element elementor-element-315778a elementor-widget elementor-widget-text-editor\" data-id=\"315778a\" data-element_type=\"widget\" data-widget_type=\"text-editor.default\">\n\t\t\t\t<div class=\"elementor-widget-container\">\n\t\t\t\t\t\t\t\t\t<p><img decoding=\"async\" class=\"wp-image-623 alignleft\" src=\"http:\/\/kyushomallorca.com\/wp-content\/uploads\/2019\/09\/AEKJ-300x295.jpg\" alt=\"\" width=\"211\" height=\"207\" srcset=\"https:\/\/kyushomallorca.com\/wp-content\/uploads\/2019\/09\/AEKJ-300x295.jpg 300w, https:\/\/kyushomallorca.com\/wp-content\/uploads\/2019\/09\/AEKJ-20x20.jpg 20w, https:\/\/kyushomallorca.com\/wp-content\/uploads\/2019\/09\/AEKJ.jpg 415w\" sizes=\"(max-width: 211px) 100vw, 211px\" \/>Forma parte de la AEKJ Asociaci\u00f3n Espa\u00f1ola de Kyusho Jitsu.<\/p><p>La AEKJ , (Asociaci\u00f3n \u00a0Espa\u00f1ola de Kyusho Jitsu ) es miembro afiliado de la DKI (Dillman Karate Internacional ) \u00a0representante oficial de dicho sistema en Espa\u00f1a ( abajo la captura de la web\u00a0http:\/\/www.dillman.com\/ que lo corrobora) .<\/p><p>Por desgracia , como en casi todo , hoy en dia , el simple hecho de ver ese logo no garantiza un est\u00e1ndar de calidad , ya que hay intrusismo de gente movida por afanes econ\u00f3micos o\u00a0 egolatricos , que por medio de pol\u00edtica , marketing y sobre todo dinero , logran hacerse con un grado y aprovecharse de la labor de otros ,para proclamar una reputaci\u00f3n inmerecida . La AEKJ se ha vuelto mas necesaria que nunca , sus instructores llevan mas de 40 a\u00f1os en las artes marciales , sus logros son escalonados y l\u00f3gicos , siguen un camino y una pauta marcada por el trabajo y el tes\u00f3n . Estamos comprometidos en compartir un trabajo serio y honesto y en garantizar un entorno carente de especulaciones , donde solo importa avanzar juntos en este arte ,\u00a0 disfrutando del camino y poder sentirnos seguros y orgullosos de ello.<\/p><p>La AEKJ , sigue la linea y el esp\u00edritu original de la DKI , dando total libertad a sus integrantes , ofreciendo una fuerte estructura docente y facilitando la formaci\u00f3n y la practica de kyusho por todo el territorio espa\u00f1ol.<\/p><p><blockquote class=\"wp-embedded-content\" data-secret=\"xxcKngFruz\"><a href=\"http:\/\/xn--kyushoespaa-beb.com\/\">AEKJ<\/a><\/blockquote><iframe title=\"&#171;AEKJ&#187; &#8212; Kyusho Espa\u00f1a\" class=\"wp-embedded-content\" sandbox=\"allow-scripts\" security=\"restricted\" style=\"position: absolute; clip: rect(1px, 1px, 1px, 1px);\" src=\"http:\/\/xn--kyushoespaa-beb.com\/embed\/#?secret=xxcKngFruz\" data-secret=\"xxcKngFruz\" width=\"600\" height=\"338\" frameborder=\"0\" marginwidth=\"0\" marginheight=\"0\" scrolling=\"no\"><\/iframe><\/p>\t\t\t\t\t\t\t\t<\/div>\n\t\t\t\t<\/div>\n\t\t\t\t<div class=\"elementor-element elementor-element-ab3d763 elementor-shape-rounded elementor-grid-0 e-grid-align-center elementor-widget elementor-widget-social-icons\" data-id=\"ab3d763\" data-element_type=\"widget\" data-widget_type=\"social-icons.default\">\n\t\t\t\t<div class=\"elementor-widget-container\">\n\t\t\t\t\t\t\t<div class=\"elementor-social-icons-wrapper elementor-grid\">\n\t\t\t\t\t\t\t<span class=\"elementor-grid-item\">\n\t\t\t\t\t<a class=\"elementor-icon elementor-social-icon elementor-social-icon-facebook elementor-repeater-item-153c931\" href=\"https:\/\/www.facebook.com\/groups\/108357402612601\/\" target=\"_blank\">\n\t\t\t\t\t\t<span class=\"elementor-screen-only\">Facebook<\/span>\n\t\t\t\t\t\t<i class=\"fab fa-facebook\"><\/i>\t\t\t\t\t<\/a>\n\t\t\t\t<\/span>\n\t\t\t\t\t<\/div>\n\t\t\t\t\t\t<\/div>\n\t\t\t\t<\/div>\n\t\t\t\t<div class=\"elementor-element elementor-element-65cba4a elementor-widget elementor-widget-text-editor\" data-id=\"65cba4a\" data-element_type=\"widget\" data-widget_type=\"text-editor.default\">\n\t\t\t\t<div class=\"elementor-widget-container\">\n\t\t\t\t\t\t\t\t\t<p><img fetchpriority=\"high\" decoding=\"async\" class=\"wp-image-701 alignleft\" src=\"http:\/\/kyushomallorca.com\/wp-content\/uploads\/2019\/10\/Dillman-Karate-International-300x300.png\" alt=\"\" width=\"225\" height=\"225\" srcset=\"https:\/\/kyushomallorca.com\/wp-content\/uploads\/2019\/10\/Dillman-Karate-International-300x300.png 299w, https:\/\/kyushomallorca.com\/wp-content\/uploads\/2019\/10\/Dillman-Karate-International-300x300-150x150.png 150w, https:\/\/kyushomallorca.com\/wp-content\/uploads\/2019\/10\/Dillman-Karate-International-300x300-20x20.png 20w\" sizes=\"(max-width: 225px) 100vw, 225px\" \/>Asociada a la DKI Dillman K\u00e1rate internacional. La DKI es la mas prestigiosa de las escuelas de kyusho , es a George Dillman a quien se le debe la expansi\u00f3n del kyusho como se conoce actualmente , es la fuente de la practica totalidad de las otras escuelas , en las que sus representantes han sido alumnos de Dillman \u00a0, los cuales una vez alcanzado ciertos conocimientos \u00a0, por motivos de marketing u otros , crean sus propias escuelas .<\/p><p><a href=\"http:\/\/www.dillman.com\">http:\/\/www.dillman.com<\/a><\/p>\t\t\t\t\t\t\t\t<\/div>\n\t\t\t\t<\/div>\n\t\t\t\t<div class=\"elementor-element elementor-element-dc43c03 elementor-widget elementor-widget-text-editor\" data-id=\"dc43c03\" data-element_type=\"widget\" data-widget_type=\"text-editor.default\">\n\t\t\t\t<div class=\"elementor-widget-container\">\n\t\t\t\t\t\t\t\t\t<p><img decoding=\"async\" class=\"alignleft\" src=\"http:\/\/kyushomallorca.com\/wp-content\/uploads\/2019\/10\/FELODA.png\" alt=\"\" width=\"234\" height=\"302\" \/>Pertenecemos a la Federaci\u00f3n Espa\u00f1ola de Lucha \u00a0donde tenemos nuestras licencias y titulaciones. Incluida en la Federaci\u00f3n Espa\u00f1ola de Luchas Olimpicas , arropa a sus integrantes , con licencia federativa , seguro medico especifico y reconocimiento oficial en todo el estado de los logros y grados obtenidos durante su pr\u00e1ctica.<\/p><p><a href=\"http:\/\/felucha.com\">http:\/\/felucha.com<\/a><\/p>\t\t\t\t\t\t\t\t<\/div>\n\t\t\t\t<\/div>\n\t\t\t\t\t<\/div>\n\t\t<\/div>\n\t\t\t\t\t<\/div>\n\t\t<\/section>\n\t\t\t\t<\/div>\n\t\t","protected":false},"excerpt":{"rendered":"<p>Nuestra escuela Forma parte de la AEKJ Asociaci\u00f3n Espa\u00f1ola de Kyusho Jitsu. La AEKJ , (Asociaci\u00f3n \u00a0Espa\u00f1ola de Kyusho Jitsu ) es miembro afiliado de la DKI (Dillman Karate Internacional ) \u00a0representante oficial de dicho sistema en Espa\u00f1a ( abajo la captura de la web\u00a0http:\/\/www.dillman.com\/ que lo corrobora) . Por desgracia , como en casi&hellip;&nbsp;<a href=\"https:\/\/kyushomallorca.com\/index.php\/k-pertenecemos\/\" class=\"\" rel=\"bookmark\">Leer m\u00e1s &raquo;<span class=\"screen-reader-text\">K Pertenecemos<\/span><\/a><\/p>\n","protected":false},"author":1,"featured_media":0,"parent":0,"menu_order":0,"comment_status":"closed","ping_status":"closed","template":"page-templates\/template-pagebuilder-full-width.php","meta":{"_monsterinsights_skip_tracking":false,"_monsterinsights_sitenote_active":false,"_monsterinsights_sitenote_note":"","_monsterinsights_sitenote_category":0,"footnotes":""},"class_list":["post-775","page","type-page","status-publish","hentry"],"yoast_head":"<!-- This site is optimized with the Yoast SEO plugin v27.4 - https:\/\/yoast.com\/product\/yoast-seo-wordpress\/ -->\n<title>K Pertenecemos | DOJO KOBUKAN<\/title>\n<meta name=\"robots\" content=\"index, follow, max-snippet:-1, max-image-preview:large, max-video-preview:-1\" \/>\n<link rel=\"canonical\" href=\"https:\/\/kyushomallorca.com\/index.php\/k-pertenecemos\/\" \/>\n<meta property=\"og:locale\" content=\"es_ES\" \/>\n<meta property=\"og:type\" content=\"article\" \/>\n<meta property=\"og:title\" content=\"K Pertenecemos | DOJO KOBUKAN\" \/>\n<meta property=\"og:description\" content=\"Nuestra escuela Forma parte de la AEKJ Asociaci\u00f3n Espa\u00f1ola de Kyusho Jitsu. La AEKJ , (Asociaci\u00f3n \u00a0Espa\u00f1ola de Kyusho Jitsu ) es miembro afiliado de la DKI (Dillman Karate Internacional ) \u00a0representante oficial de dicho sistema en Espa\u00f1a ( abajo la captura de la web\u00a0http:\/\/www.dillman.com\/ que lo corrobora) . Por desgracia , como en casi&hellip;&nbsp;Leer m\u00e1s &raquo;K Pertenecemos\" \/>\n<meta property=\"og:url\" content=\"https:\/\/kyushomallorca.com\/index.php\/k-pertenecemos\/\" \/>\n<meta property=\"og:site_name\" content=\"DOJO KOBUKAN\" \/>\n<meta property=\"article:publisher\" content=\"https:\/\/www.facebook.com\/pedro.ferrari.5817\" \/>\n<meta property=\"article:modified_time\" content=\"2019-11-18T17:34:20+00:00\" \/>\n<meta property=\"og:image\" content=\"https:\/\/kyushomallorca.com\/wp-content\/uploads\/2019\/09\/AEKJ-300x295.jpg\" \/>\n<meta name=\"twitter:card\" content=\"summary_large_image\" \/>\n<script type=\"application\/ld+json\" class=\"yoast-schema-graph\">{\"@context\":\"https:\\\/\\\/schema.org\",\"@graph\":[{\"@type\":\"WebPage\",\"@id\":\"https:\\\/\\\/kyushomallorca.com\\\/index.php\\\/k-pertenecemos\\\/\",\"url\":\"https:\\\/\\\/kyushomallorca.com\\\/index.php\\\/k-pertenecemos\\\/\",\"name\":\"K Pertenecemos | DOJO KOBUKAN\",\"isPartOf\":{\"@id\":\"https:\\\/\\\/kyushomallorca.com\\\/#website\"},\"primaryImageOfPage\":{\"@id\":\"https:\\\/\\\/kyushomallorca.com\\\/index.php\\\/k-pertenecemos\\\/#primaryimage\"},\"image\":{\"@id\":\"https:\\\/\\\/kyushomallorca.com\\\/index.php\\\/k-pertenecemos\\\/#primaryimage\"},\"thumbnailUrl\":\"https:\\\/\\\/kyushomallorca.com\\\/wp-content\\\/uploads\\\/2019\\\/09\\\/AEKJ-300x295.jpg\",\"datePublished\":\"2019-10-02T13:00:57+00:00\",\"dateModified\":\"2019-11-18T17:34:20+00:00\",\"breadcrumb\":{\"@id\":\"https:\\\/\\\/kyushomallorca.com\\\/index.php\\\/k-pertenecemos\\\/#breadcrumb\"},\"inLanguage\":\"es\",\"potentialAction\":[{\"@type\":\"ReadAction\",\"target\":[\"https:\\\/\\\/kyushomallorca.com\\\/index.php\\\/k-pertenecemos\\\/\"]}]},{\"@type\":\"ImageObject\",\"inLanguage\":\"es\",\"@id\":\"https:\\\/\\\/kyushomallorca.com\\\/index.php\\\/k-pertenecemos\\\/#primaryimage\",\"url\":\"https:\\\/\\\/kyushomallorca.com\\\/wp-content\\\/uploads\\\/2019\\\/09\\\/AEKJ.jpg\",\"contentUrl\":\"https:\\\/\\\/kyushomallorca.com\\\/wp-content\\\/uploads\\\/2019\\\/09\\\/AEKJ.jpg\",\"width\":415,\"height\":408},{\"@type\":\"BreadcrumbList\",\"@id\":\"https:\\\/\\\/kyushomallorca.com\\\/index.php\\\/k-pertenecemos\\\/#breadcrumb\",\"itemListElement\":[{\"@type\":\"ListItem\",\"position\":1,\"name\":\"Inicio\",\"item\":\"https:\\\/\\\/kyushomallorca.com\\\/\"},{\"@type\":\"ListItem\",\"position\":2,\"name\":\"K Pertenecemos\"}]},{\"@type\":\"WebSite\",\"@id\":\"https:\\\/\\\/kyushomallorca.com\\\/#website\",\"url\":\"https:\\\/\\\/kyushomallorca.com\\\/\",\"name\":\"DOJO KOBUKAN\",\"description\":\"\",\"publisher\":{\"@id\":\"https:\\\/\\\/kyushomallorca.com\\\/#organization\"},\"potentialAction\":[{\"@type\":\"SearchAction\",\"target\":{\"@type\":\"EntryPoint\",\"urlTemplate\":\"https:\\\/\\\/kyushomallorca.com\\\/?s={search_term_string}\"},\"query-input\":{\"@type\":\"PropertyValueSpecification\",\"valueRequired\":true,\"valueName\":\"search_term_string\"}}],\"inLanguage\":\"es\"},{\"@type\":\"Organization\",\"@id\":\"https:\\\/\\\/kyushomallorca.com\\\/#organization\",\"name\":\"DOJO KOBUKAN\",\"url\":\"https:\\\/\\\/kyushomallorca.com\\\/\",\"logo\":{\"@type\":\"ImageObject\",\"inLanguage\":\"es\",\"@id\":\"https:\\\/\\\/kyushomallorca.com\\\/#\\\/schema\\\/logo\\\/image\\\/\",\"url\":\"https:\\\/\\\/kyushomallorca.com\\\/wp-content\\\/uploads\\\/2020\\\/03\\\/LogoFILEminimizer.png\",\"contentUrl\":\"https:\\\/\\\/kyushomallorca.com\\\/wp-content\\\/uploads\\\/2020\\\/03\\\/LogoFILEminimizer.png\",\"width\":728,\"height\":726,\"caption\":\"DOJO KOBUKAN\"},\"image\":{\"@id\":\"https:\\\/\\\/kyushomallorca.com\\\/#\\\/schema\\\/logo\\\/image\\\/\"},\"sameAs\":[\"https:\\\/\\\/www.facebook.com\\\/pedro.ferrari.5817\",\"https:\\\/\\\/www.facebook.com\\\/profile.php?id=100083993152571\"]}]}<\/script>\n<!-- \/ Yoast SEO plugin. -->","yoast_head_json":{"title":"K Pertenecemos | DOJO KOBUKAN","robots":{"index":"index","follow":"follow","max-snippet":"max-snippet:-1","max-image-preview":"max-image-preview:large","max-video-preview":"max-video-preview:-1"},"canonical":"https:\/\/kyushomallorca.com\/index.php\/k-pertenecemos\/","og_locale":"es_ES","og_type":"article","og_title":"K Pertenecemos | DOJO KOBUKAN","og_description":"Nuestra escuela Forma parte de la AEKJ Asociaci\u00f3n Espa\u00f1ola de Kyusho Jitsu. La AEKJ , (Asociaci\u00f3n \u00a0Espa\u00f1ola de Kyusho Jitsu ) es miembro afiliado de la DKI (Dillman Karate Internacional ) \u00a0representante oficial de dicho sistema en Espa\u00f1a ( abajo la captura de la web\u00a0http:\/\/www.dillman.com\/ que lo corrobora) . Por desgracia , como en casi&hellip;&nbsp;Leer m\u00e1s &raquo;K Pertenecemos","og_url":"https:\/\/kyushomallorca.com\/index.php\/k-pertenecemos\/","og_site_name":"DOJO KOBUKAN","article_publisher":"https:\/\/www.facebook.com\/pedro.ferrari.5817","article_modified_time":"2019-11-18T17:34:20+00:00","og_image":[{"url":"https:\/\/kyushomallorca.com\/wp-content\/uploads\/2019\/09\/AEKJ-300x295.jpg","type":"","width":"","height":""}],"twitter_card":"summary_large_image","schema":{"@context":"https:\/\/schema.org","@graph":[{"@type":"WebPage","@id":"https:\/\/kyushomallorca.com\/index.php\/k-pertenecemos\/","url":"https:\/\/kyushomallorca.com\/index.php\/k-pertenecemos\/","name":"K Pertenecemos | DOJO KOBUKAN","isPartOf":{"@id":"https:\/\/kyushomallorca.com\/#website"},"primaryImageOfPage":{"@id":"https:\/\/kyushomallorca.com\/index.php\/k-pertenecemos\/#primaryimage"},"image":{"@id":"https:\/\/kyushomallorca.com\/index.php\/k-pertenecemos\/#primaryimage"},"thumbnailUrl":"https:\/\/kyushomallorca.com\/wp-content\/uploads\/2019\/09\/AEKJ-300x295.jpg","datePublished":"2019-10-02T13:00:57+00:00","dateModified":"2019-11-18T17:34:20+00:00","breadcrumb":{"@id":"https:\/\/kyushomallorca.com\/index.php\/k-pertenecemos\/#breadcrumb"},"inLanguage":"es","potentialAction":[{"@type":"ReadAction","target":["https:\/\/kyushomallorca.com\/index.php\/k-pertenecemos\/"]}]},{"@type":"ImageObject","inLanguage":"es","@id":"https:\/\/kyushomallorca.com\/index.php\/k-pertenecemos\/#primaryimage","url":"https:\/\/kyushomallorca.com\/wp-content\/uploads\/2019\/09\/AEKJ.jpg","contentUrl":"https:\/\/kyushomallorca.com\/wp-content\/uploads\/2019\/09\/AEKJ.jpg","width":415,"height":408},{"@type":"BreadcrumbList","@id":"https:\/\/kyushomallorca.com\/index.php\/k-pertenecemos\/#breadcrumb","itemListElement":[{"@type":"ListItem","position":1,"name":"Inicio","item":"https:\/\/kyushomallorca.com\/"},{"@type":"ListItem","position":2,"name":"K Pertenecemos"}]},{"@type":"WebSite","@id":"https:\/\/kyushomallorca.com\/#website","url":"https:\/\/kyushomallorca.com\/","name":"DOJO KOBUKAN","description":"","publisher":{"@id":"https:\/\/kyushomallorca.com\/#organization"},"potentialAction":[{"@type":"SearchAction","target":{"@type":"EntryPoint","urlTemplate":"https:\/\/kyushomallorca.com\/?s={search_term_string}"},"query-input":{"@type":"PropertyValueSpecification","valueRequired":true,"valueName":"search_term_string"}}],"inLanguage":"es"},{"@type":"Organization","@id":"https:\/\/kyushomallorca.com\/#organization","name":"DOJO KOBUKAN","url":"https:\/\/kyushomallorca.com\/","logo":{"@type":"ImageObject","inLanguage":"es","@id":"https:\/\/kyushomallorca.com\/#\/schema\/logo\/image\/","url":"https:\/\/kyushomallorca.com\/wp-content\/uploads\/2020\/03\/LogoFILEminimizer.png","contentUrl":"https:\/\/kyushomallorca.com\/wp-content\/uploads\/2020\/03\/LogoFILEminimizer.png","width":728,"height":726,"caption":"DOJO KOBUKAN"},"image":{"@id":"https:\/\/kyushomallorca.com\/#\/schema\/logo\/image\/"},"sameAs":["https:\/\/www.facebook.com\/pedro.ferrari.5817","https:\/\/www.facebook.com\/profile.php?id=100083993152571"]}]}},"_links":{"self":[{"href":"https:\/\/kyushomallorca.com\/index.php\/wp-json\/wp\/v2\/pages\/775","targetHints":{"allow":["GET"]}}],"collection":[{"href":"https:\/\/kyushomallorca.com\/index.php\/wp-json\/wp\/v2\/pages"}],"about":[{"href":"https:\/\/kyushomallorca.com\/index.php\/wp-json\/wp\/v2\/types\/page"}],"author":[{"embeddable":true,"href":"https:\/\/kyushomallorca.com\/index.php\/wp-json\/wp\/v2\/users\/1"}],"replies":[{"embeddable":true,"href":"https:\/\/kyushomallorca.com\/index.php\/wp-json\/wp\/v2\/comments?post=775"}],"version-history":[{"count":14,"href":"https:\/\/kyushomallorca.com\/index.php\/wp-json\/wp\/v2\/pages\/775\/revisions"}],"predecessor-version":[{"id":2273,"href":"https:\/\/kyushomallorca.com\/index.php\/wp-json\/wp\/v2\/pages\/775\/revisions\/2273"}],"wp:attachment":[{"href":"https:\/\/kyushomallorca.com\/index.php\/wp-json\/wp\/v2\/media?parent=775"}],"curies":[{"name":"wp","href":"https:\/\/api.w.org\/{rel}","templated":true}]}}